{"id":1525,"date":"2021-10-21T05:12:31","date_gmt":"2021-10-21T05:12:31","guid":{"rendered":"https:\/\/www.itbbianchi.it\/?page_id=1525"},"modified":"2022-02-02T21:05:06","modified_gmt":"2022-02-02T21:05:06","slug":"sponsor","status":"publish","type":"page","link":"https:\/\/www.itbbianchi.it\/?page_id=1525","title":{"rendered":"Sponsor"},"content":{"rendered":"\n<h2 class=\"has-text-align-center wp-block-heading\" id=\"itb-e-binago-volley\">ITB E BINAGO VOLLEY<\/h2>\n\n\n<p style=\"font-weight: 400;\">Il Binago volley \u00e8 attiva da diversi anni nella provincia comasca come riferimento per la pallavolo giovanile. Negli ultimi anni, con l\u2019arrivo di Filippo Nastasi come allenatore\/coordinatore degli allenatori, il livello di gioco \u00e8 aumentato e la societ\u00e0 ha intrapreso delle collaborazioni che coprono campionati sino alla serie D.<\/p>\n<p style=\"font-weight: 400;\">Quest\u2019anno Binago volley concorrer\u00e0 nel campionato minivolley, U14 e U16 nella provincia di Como; insieme alla societ\u00e0 di Induno Olona (Vivi Volley), concorrer\u00e0 anche nel campionato U16 eccellenza nella provincia di Varese e serie D, regionale.<\/p>\n\n\n<div class=\"wp-block-image\"><figure class=\"aligncenter size-large\"><img loading=\"lazy\" decoding=\"async\" width=\"1024\" height=\"766\" src=\"https:\/\/www.itbbianchi.it\/wp-content\/uploads\/2022\/02\/IMG_20211011_210622-1024x766.jpeg\" alt=\"\" class=\"wp-image-1566\" srcset=\"https:\/\/www.itbbianchi.it\/wp-content\/uploads\/2022\/02\/IMG_20211011_210622-1024x766.jpeg 1024w, https:\/\/www.itbbianchi.it\/wp-content\/uploads\/2022\/02\/IMG_20211011_210622-300x224.jpeg 300w, https:\/\/www.itbbianchi.it\/wp-content\/uploads\/2022\/02\/IMG_20211011_210622-768x574.jpeg 768w, https:\/\/www.itbbianchi.it\/wp-content\/uploads\/2022\/02\/IMG_20211011_210622-1536x1149.jpeg 1536w, https:\/\/www.itbbianchi.it\/wp-content\/uploads\/2022\/02\/IMG_20211011_210622-2048x1532.jpeg 2048w\" sizes=\"auto, (max-width: 1024px) 100vw, 1024px\" \/><\/figure><\/div>\n\n\n<div id=\"pl-gb1525-69f282eb8b35a\"  class=\"panel-layout\" ><div id=\"pg-gb1525-69f282eb8b35a-0\"  class=\"panel-grid panel-no-style\" ><div id=\"pgc-gb1525-69f282eb8b35a-0-0\"  class=\"panel-grid-cell\" ><div id=\"panel-gb1525-69f282eb8b35a-0-0-0\" class=\"so-panel widget widget_text panel-first-child panel-last-child\" data-index=\"0\" ><h3 class=\"widget-title\">ITB E LA PALLAVOLO VIVI VOLLEY<\/h3>\t\t\t<div class=\"textwidget\"><p>Continua la vicinanza di ITB al mondo della pallavolo promuovendo la societ\u00e0 sportiva lombarda\u00a0<a href=\"http:\/\/www.quasarsinduno.it\/\"><strong><u>VIVI VOLLEY<\/u><\/strong><\/a>\u00a0di Induno Olona.<\/p>\n<p>La pallavolo \u00e8 quello sport che a tutti gli effetti racchiude dei valori cardini aziendali:<\/p>\n<ul>\n<li>il lavorare in team per raggiungere gli obiettivi<\/li>\n<li>il mezzo per la socializzazione e la formazione dell\u2019individuo<\/li>\n<\/ul>\n<p>&nbsp;<\/p>\n<p>VIVI VOLLEY \u00e8 un gruppo nato dall\u2019unione di tre societ\u00e0: ASD QUASARS INDUNO, ASD PALLAVOLO MARCHIROLO e PROGETTO VOLLEY CUNARDO e da poco premiata come scuola Regionale di Pallavolo ha conseguito i migliori risultati nella stagione precedente 2015\/2016, tra i quali:<\/p>\n<ul>\n<li>Ottenimento del Certificato di qualit\u00e0 del settore giovanile della federazione nazionale<\/li>\n<li>Iscrizione a 20 campionati federali<\/li>\n<li>3\u00b0 classificati provinciali con l\u2019U14 e partecipazione alla fase regionale<\/li>\n<li>Terza divisione promossa in Seconda divisione<\/li>\n<li>Prima squadra partecipante al campionato di serie D regionale<\/li>\n<\/ul>\n<h3><strong>NOI DI ITB INCORAGGIAMO IL SUCCESSO DI QUESTI ATLETI E AUGURIAMO ANCHE PER QUEST\u2019ANNO IL RAGGIUNGIMENTO DEI LORO TRAGUARDI!!<\/strong><\/h3>\n<\/div>\n\t\t<\/div><\/div><\/div><div id=\"pg-gb1525-69f282eb8b35a-1\"  class=\"panel-grid panel-no-style\" ><div id=\"pgc-gb1525-69f282eb8b35a-1-0\"  class=\"panel-grid-cell\" ><div id=\"panel-gb1525-69f282eb8b35a-1-0-0\" class=\"so-panel widget widget_media_image panel-first-child panel-last-child\" data-index=\"1\" ><img loading=\"lazy\" decoding=\"async\" width=\"300\" height=\"200\" src=\"https:\/\/www.itbbianchi.it\/wp-content\/uploads\/2016\/09\/16933794_1393163957373500_1170890212_n-300x200.jpg\" class=\"image wp-image-709  attachment-medium size-medium\" alt=\"\" style=\"max-width: 100%; height: auto;\" srcset=\"https:\/\/www.itbbianchi.it\/wp-content\/uploads\/2016\/09\/16933794_1393163957373500_1170890212_n-300x200.jpg 300w, https:\/\/www.itbbianchi.it\/wp-content\/uploads\/2016\/09\/16933794_1393163957373500_1170890212_n-768x512.jpg 768w, https:\/\/www.itbbianchi.it\/wp-content\/uploads\/2016\/09\/16933794_1393163957373500_1170890212_n-830x553.jpg 830w, https:\/\/www.itbbianchi.it\/wp-content\/uploads\/2016\/09\/16933794_1393163957373500_1170890212_n-230x153.jpg 230w, https:\/\/www.itbbianchi.it\/wp-content\/uploads\/2016\/09\/16933794_1393163957373500_1170890212_n-350x233.jpg 350w, https:\/\/www.itbbianchi.it\/wp-content\/uploads\/2016\/09\/16933794_1393163957373500_1170890212_n-480x320.jpg 480w, https:\/\/www.itbbianchi.it\/wp-content\/uploads\/2016\/09\/16933794_1393163957373500_1170890212_n.jpg 900w\" sizes=\"auto, (max-width: 300px) 100vw, 300px\" \/><\/div><\/div><div id=\"pgc-gb1525-69f282eb8b35a-1-1\"  class=\"panel-grid-cell\" ><div id=\"panel-gb1525-69f282eb8b35a-1-1-0\" class=\"so-panel widget widget_media_image panel-first-child panel-last-child\" data-index=\"2\" ><img loading=\"lazy\" decoding=\"async\" width=\"300\" height=\"214\" src=\"https:\/\/www.itbbianchi.it\/wp-content\/uploads\/2016\/09\/16923481_1393161540707075_720135117_n-300x214.jpg\" class=\"image wp-image-708  attachment-medium size-medium\" alt=\"\" style=\"max-width: 100%; height: auto;\" srcset=\"https:\/\/www.itbbianchi.it\/wp-content\/uploads\/2016\/09\/16923481_1393161540707075_720135117_n-300x214.jpg 300w, https:\/\/www.itbbianchi.it\/wp-content\/uploads\/2016\/09\/16923481_1393161540707075_720135117_n-768x549.jpg 768w, https:\/\/www.itbbianchi.it\/wp-content\/uploads\/2016\/09\/16923481_1393161540707075_720135117_n-830x593.jpg 830w, https:\/\/www.itbbianchi.it\/wp-content\/uploads\/2016\/09\/16923481_1393161540707075_720135117_n-230x164.jpg 230w, https:\/\/www.itbbianchi.it\/wp-content\/uploads\/2016\/09\/16923481_1393161540707075_720135117_n-350x250.jpg 350w, https:\/\/www.itbbianchi.it\/wp-content\/uploads\/2016\/09\/16923481_1393161540707075_720135117_n-480x343.jpg 480w, https:\/\/www.itbbianchi.it\/wp-content\/uploads\/2016\/09\/16923481_1393161540707075_720135117_n.jpg 900w\" sizes=\"auto, (max-width: 300px) 100vw, 300px\" \/><\/div><\/div><div id=\"pgc-gb1525-69f282eb8b35a-1-2\"  class=\"panel-grid-cell\" ><div id=\"panel-gb1525-69f282eb8b35a-1-2-0\" class=\"so-panel widget widget_media_image panel-first-child panel-last-child\" data-index=\"3\" ><img loading=\"lazy\" decoding=\"async\" width=\"300\" height=\"214\" src=\"https:\/\/www.itbbianchi.it\/wp-content\/uploads\/2016\/09\/16901901_1393161474040415_88985333_n-300x214.jpg\" class=\"image wp-image-707  attachment-medium size-medium\" alt=\"\" style=\"max-width: 100%; height: auto;\" srcset=\"https:\/\/www.itbbianchi.it\/wp-content\/uploads\/2016\/09\/16901901_1393161474040415_88985333_n-300x214.jpg 300w, https:\/\/www.itbbianchi.it\/wp-content\/uploads\/2016\/09\/16901901_1393161474040415_88985333_n-768x549.jpg 768w, https:\/\/www.itbbianchi.it\/wp-content\/uploads\/2016\/09\/16901901_1393161474040415_88985333_n-830x593.jpg 830w, https:\/\/www.itbbianchi.it\/wp-content\/uploads\/2016\/09\/16901901_1393161474040415_88985333_n-230x164.jpg 230w, https:\/\/www.itbbianchi.it\/wp-content\/uploads\/2016\/09\/16901901_1393161474040415_88985333_n-350x250.jpg 350w, https:\/\/www.itbbianchi.it\/wp-content\/uploads\/2016\/09\/16901901_1393161474040415_88985333_n-480x343.jpg 480w, https:\/\/www.itbbianchi.it\/wp-content\/uploads\/2016\/09\/16901901_1393161474040415_88985333_n.jpg 900w\" sizes=\"auto, (max-width: 300px) 100vw, 300px\" \/><\/div><\/div><div id=\"pgc-gb1525-69f282eb8b35a-1-3\"  class=\"panel-grid-cell\" ><div id=\"panel-gb1525-69f282eb8b35a-1-3-0\" class=\"so-panel widget widget_media_image panel-first-child panel-last-child\" data-index=\"4\" ><img loading=\"lazy\" decoding=\"async\" width=\"214\" height=\"300\" src=\"https:\/\/www.itbbianchi.it\/wp-content\/uploads\/2016\/09\/16900429_1393163224040240_143588030_n-214x300.jpg\" class=\"image wp-image-706  attachment-medium size-medium\" alt=\"\" style=\"max-width: 100%; height: auto;\" srcset=\"https:\/\/www.itbbianchi.it\/wp-content\/uploads\/2016\/09\/16900429_1393163224040240_143588030_n-214x300.jpg 214w, https:\/\/www.itbbianchi.it\/wp-content\/uploads\/2016\/09\/16900429_1393163224040240_143588030_n-230x322.jpg 230w, https:\/\/www.itbbianchi.it\/wp-content\/uploads\/2016\/09\/16900429_1393163224040240_143588030_n-350x490.jpg 350w, https:\/\/www.itbbianchi.it\/wp-content\/uploads\/2016\/09\/16900429_1393163224040240_143588030_n-480x672.jpg 480w, https:\/\/www.itbbianchi.it\/wp-content\/uploads\/2016\/09\/16900429_1393163224040240_143588030_n.jpg 643w\" sizes=\"auto, (max-width: 214px) 100vw, 214px\" \/><\/div><\/div><\/div><\/div>","protected":false},"excerpt":{"rendered":"<p>ITB E BINAGO VOLLEY Il Binago volley \u00e8 attiva da diversi anni nella provincia comasca come riferimento per la pallavolo&hellip;<\/p>\n","protected":false},"author":1,"featured_media":0,"parent":0,"menu_order":0,"comment_status":"closed","ping_status":"closed","template":"","meta":{"ngg_post_thumbnail":0,"footnotes":""},"class_list":["post-1525","page","type-page","status-publish","hentry"],"_links":{"self":[{"href":"https:\/\/www.itbbianchi.it\/index.php?rest_route=\/wp\/v2\/pages\/1525","targetHints":{"allow":["GET"]}}],"collection":[{"href":"https:\/\/www.itbbianchi.it\/index.php?rest_route=\/wp\/v2\/pages"}],"about":[{"href":"https:\/\/www.itbbianchi.it\/index.php?rest_route=\/wp\/v2\/types\/page"}],"author":[{"embeddable":true,"href":"https:\/\/www.itbbianchi.it\/index.php?rest_route=\/wp\/v2\/users\/1"}],"replies":[{"embeddable":true,"href":"https:\/\/www.itbbianchi.it\/index.php?rest_route=%2Fwp%2Fv2%2Fcomments&post=1525"}],"version-history":[{"count":4,"href":"https:\/\/www.itbbianchi.it\/index.php?rest_route=\/wp\/v2\/pages\/1525\/revisions"}],"predecessor-version":[{"id":1569,"href":"https:\/\/www.itbbianchi.it\/index.php?rest_route=\/wp\/v2\/pages\/1525\/revisions\/1569"}],"wp:attachment":[{"href":"https:\/\/www.itbbianchi.it\/index.php?rest_route=%2Fwp%2Fv2%2Fmedia&parent=1525"}],"curies":[{"name":"wp","href":"https:\/\/api.w.org\/{rel}","templated":true}]}}