{"id":44,"date":"2016-06-13T15:00:10","date_gmt":"2016-06-13T15:00:10","guid":{"rendered":"http:\/\/www.itbbianchi.it\/wp\/?page_id=44"},"modified":"2017-01-04T08:18:58","modified_gmt":"2017-01-04T08:18:58","slug":"la-storia","status":"publish","type":"page","link":"https:\/\/www.itbbianchi.it\/?page_id=44","title":{"rendered":"La Storia"},"content":{"rendered":"<p>&nbsp;Il progetto dal quale deriva la realt\u00e0 imprenditoriale odierna \u00e8 opera di Luigi Bianchi che, all&#8217;inizio degli anni Settanta, coraggiosamente decide di avviare una piccola attivit\u00e0 di impiantistica. In un primo periodo Luigi si occupa di interventi e prestazioni d&#8217;opera a favore di un bacino d&#8217;utenza piuttosto limitato; la sua \u00e8 l&#8217;unica forza lavoro investita fino a quando, dati i buoni risultati ottenuti nel settore, comincia ad avvalersi della collaborazione di Edoardo prima e di Maurizio successivamente. Il bilancio del primo decennio \u00e8 molto positivo, la clientela aumenta cos\u00ec come le risorse impiegate.<\/p>\n<p><strong>Nel 1984<\/strong> si compie il primo salto di qualit\u00e0 trasferendo la sede della societ\u00e0 (inizialmente collocata in Viale Valganna) nel luogo in cui si trova ora. Negli anni a seguire Edoardo e Maurizio subentrano nella gestione aziendale, avvalendosi sempre dell&#8217;esperienza del padre Luigi. L&#8217;impegno e la dedizione al lavoro consentono di superare anni difficili; l&#8217;intraprendenza e la disponibilit\u00e0 economica, nonch\u00e8 l&#8217;impiego dei primi dipendenti, permettono di garantire interventi anche fuori dal territorio provinciale. Gli utenti sono soddisfatti e gli introiti faticosamente guadagnati danno fiducia ai proprietari i quali investono i profitti per l&#8217;acquisto di nuove attrezzature che consentono di eseguire autonomamente impianti di altissimo livello e tecnologia.<img loading=\"lazy\" decoding=\"async\" class=\"size-medium wp-image-539 aligncenter\" src=\"http:\/\/www.itbbianchi.it\/wp-content\/uploads\/2016\/06\/foto-bianco-e-nero-300x225.jpg\" alt=\"foto-bianco-e-nero\" height=\"225\" width=\"300\" srcset=\"https:\/\/www.itbbianchi.it\/wp-content\/uploads\/2016\/06\/foto-bianco-e-nero-300x225.jpg 300w, https:\/\/www.itbbianchi.it\/wp-content\/uploads\/2016\/06\/foto-bianco-e-nero-768x576.jpg 768w, https:\/\/www.itbbianchi.it\/wp-content\/uploads\/2016\/06\/foto-bianco-e-nero-1024x768.jpg 1024w, https:\/\/www.itbbianchi.it\/wp-content\/uploads\/2016\/06\/foto-bianco-e-nero-830x623.jpg 830w, https:\/\/www.itbbianchi.it\/wp-content\/uploads\/2016\/06\/foto-bianco-e-nero-230x173.jpg 230w, https:\/\/www.itbbianchi.it\/wp-content\/uploads\/2016\/06\/foto-bianco-e-nero-350x263.jpg 350w, https:\/\/www.itbbianchi.it\/wp-content\/uploads\/2016\/06\/foto-bianco-e-nero-480x360.jpg 480w, https:\/\/www.itbbianchi.it\/wp-content\/uploads\/2016\/06\/foto-bianco-e-nero.jpg 1600w\" sizes=\"auto, (max-width: 300px) 100vw, 300px\" \/><\/p>\n<p><strong><em>Nel 1993 <\/em><\/strong><em>vede la luce IDROMANIA Srl; si tratta di una struttura di supporto per la ITB che si occupa della vendita diretta al pubblico di accessori per il bagno, utilizzando un moder<\/em><em>no showroom di propriet\u00e0 sito nelle vicinanze della sede principale.&nbsp;<\/em><\/p>\n<p><em><br \/>\n<strong>Nel 2001 <\/strong>la ITB Snc cambia ragione sociale diventando una societ\u00e0 a responsabilit\u00e0 limitata.<\/em><\/p>\n<p><em><strong>Nel 2005 <\/strong>si avvia la costruzione di un secondo stabilimento adiacente a quello originario ed aumentano le assunzioni. Ad oggi la superficie su cui si estende l&#8217;intero complesso industriale \u00e8 circa 4500 mq (di cui 2500 coperti). Gli ultimi dieci anni vedono espandersi le prestazioni di lavoro a livello regionale, nazionale ed anche internazionale. Grazie al rapporto di fiducia costruito nel corso del tempo con importanti clienti, Edoardo e Maurizio prendono contatti con nuovi utenti. Una delle scelte fondamentali dei titolari consiste nel seguire personalmente tutti i cantieri, gli impianti in corso d&#8217;opera e i clienti acquisiti. La professionalit\u00e0 e l&#8217;ambizione spinge a realizzare progetti anche in Toscana, nel Lazio, nel Veneto, in Svizzera, in Romania, in Polonia, in Russia, Francia, Belgio, Olanda, Svizzera, Germania, Inghilterra, Romania, Slovacchia, Seychelles, Cuba e Messico. Ad oggi gli sforzi sostenuti durante una vita dedita al lavoro producono i loro frutti. L&#8217;impresa \u00e8 stimata e conosciuta, pu\u00f2 contare sull&#8217;operato di oltre trenta tra operai qualificati, impiegate, progettisti in aggiunta a collaboratori esterni. Maurizio ed Edoardo continuano a lavorare sul campo incrementando la loro esperienza, perfezionando la tecnica attraverso corsi di formazione, mantenendo i contatti con i clienti e sviluppandone di nuovi per accrescere il prestigio della societ\u00e0.<\/em><\/p>\n<p>&nbsp;<\/p>\n","protected":false},"excerpt":{"rendered":"<p>&nbsp;Il progetto dal quale deriva la realt\u00e0 imprenditoriale odierna \u00e8 opera di Luigi Bianchi che, all&#8217;inizio degli anni Settanta, coraggiosamente&hellip;<\/p>\n","protected":false},"author":1,"featured_media":0,"parent":0,"menu_order":0,"comment_status":"closed","ping_status":"closed","template":"","meta":{"ngg_post_thumbnail":0,"footnotes":""},"class_list":["post-44","page","type-page","status-publish","hentry"],"_links":{"self":[{"href":"https:\/\/www.itbbianchi.it\/index.php?rest_route=\/wp\/v2\/pages\/44","targetHints":{"allow":["GET"]}}],"collection":[{"href":"https:\/\/www.itbbianchi.it\/index.php?rest_route=\/wp\/v2\/pages"}],"about":[{"href":"https:\/\/www.itbbianchi.it\/index.php?rest_route=\/wp\/v2\/types\/page"}],"author":[{"embeddable":true,"href":"https:\/\/www.itbbianchi.it\/index.php?rest_route=\/wp\/v2\/users\/1"}],"replies":[{"embeddable":true,"href":"https:\/\/www.itbbianchi.it\/index.php?rest_route=%2Fwp%2Fv2%2Fcomments&post=44"}],"version-history":[{"count":12,"href":"https:\/\/www.itbbianchi.it\/index.php?rest_route=\/wp\/v2\/pages\/44\/revisions"}],"predecessor-version":[{"id":611,"href":"https:\/\/www.itbbianchi.it\/index.php?rest_route=\/wp\/v2\/pages\/44\/revisions\/611"}],"wp:attachment":[{"href":"https:\/\/www.itbbianchi.it\/index.php?rest_route=%2Fwp%2Fv2%2Fmedia&parent=44"}],"curies":[{"name":"wp","href":"https:\/\/api.w.org\/{rel}","templated":true}]}}